{"id":24889,"date":"2018-02-06T15:51:18","date_gmt":"2018-02-06T14:51:18","guid":{"rendered":"http:\/\/www.rent-the-look.de\/?post_type=product&#038;p=24889"},"modified":"2018-08-22T16:37:29","modified_gmt":"2018-08-22T14:37:29","slug":"glasvasen-set","status":"publish","type":"product","link":"https:\/\/www.rent-the-look.de\/index.php\/produkt\/glasvasen-set\/","title":{"rendered":"Glasvasen Set"},"content":{"rendered":"","protected":false},"excerpt":{"rendered":"<p>Glasvasen im Mix!<\/p>\n<p>Wir stellen euch eine tolle Auswahl an verschiedenen Gr\u00f6\u00dfe und Formen f\u00fcr ein individuelles Design zusammen.<\/p>\n<p>&nbsp;<\/p>\n<p>kleines Paket &#8211; 50 St\u00fcck<\/p>\n<p>gro\u00dfes Paket &#8211; 70 St\u00fcck<\/p>\n","protected":false},"featured_media":26318,"comment_status":"open","ping_status":"closed","template":"","meta":[],"_links":{"self":[{"href":"https:\/\/www.rent-the-look.de\/index.php\/wp-json\/wp\/v2\/product\/24889"}],"collection":[{"href":"https:\/\/www.rent-the-look.de\/index.php\/wp-json\/wp\/v2\/product"}],"about":[{"href":"https:\/\/www.rent-the-look.de\/index.php\/wp-json\/wp\/v2\/types\/product"}],"replies":[{"embeddable":true,"href":"https:\/\/www.rent-the-look.de\/index.php\/wp-json\/wp\/v2\/comments?post=24889"}],"wp:featuredmedia":[{"embeddable":true,"href":"https:\/\/www.rent-the-look.de\/index.php\/wp-json\/wp\/v2\/media\/26318"}],"wp:attachment":[{"href":"https:\/\/www.rent-the-look.de\/index.php\/wp-json\/wp\/v2\/media?parent=24889"}],"curies":[{"name":"wp","href":"https:\/\/api.w.org\/{rel}","templated":true}]}}