{"id":25196,"date":"2018-02-15T16:53:40","date_gmt":"2018-02-15T15:53:40","guid":{"rendered":"http:\/\/www.rent-the-look.de\/?post_type=product&#038;p=25196"},"modified":"2018-08-13T15:04:05","modified_gmt":"2018-08-13T13:04:05","slug":"kerzenstaender-kupfer-hoch-fuer-stabkerzen","status":"publish","type":"product","link":"https:\/\/www.rent-the-look.de\/index.php\/produkt\/kerzenstaender-kupfer-hoch-fuer-stabkerzen\/","title":{"rendered":"Kerzenst\u00e4nder Kupfer hoch f\u00fcr Stabkerzen"},"content":{"rendered":"","protected":false},"excerpt":{"rendered":"<p>H\u00f6he: 30cm<\/p>\n","protected":false},"featured_media":26297,"comment_status":"open","ping_status":"closed","template":"","meta":[],"_links":{"self":[{"href":"https:\/\/www.rent-the-look.de\/index.php\/wp-json\/wp\/v2\/product\/25196"}],"collection":[{"href":"https:\/\/www.rent-the-look.de\/index.php\/wp-json\/wp\/v2\/product"}],"about":[{"href":"https:\/\/www.rent-the-look.de\/index.php\/wp-json\/wp\/v2\/types\/product"}],"replies":[{"embeddable":true,"href":"https:\/\/www.rent-the-look.de\/index.php\/wp-json\/wp\/v2\/comments?post=25196"}],"wp:featuredmedia":[{"embeddable":true,"href":"https:\/\/www.rent-the-look.de\/index.php\/wp-json\/wp\/v2\/media\/26297"}],"wp:attachment":[{"href":"https:\/\/www.rent-the-look.de\/index.php\/wp-json\/wp\/v2\/media?parent=25196"}],"curies":[{"name":"wp","href":"https:\/\/api.w.org\/{rel}","templated":true}]}}